{"id":722,"date":"2025-06-29T14:57:36","date_gmt":"2025-06-29T17:57:36","guid":{"rendered":"https:\/\/acansecurity.cl\/online\/?post_type=product&#038;p=722"},"modified":"2026-01-31T14:36:08","modified_gmt":"2026-01-31T17:36:08","slug":"curso-certificado-de-conserje-y-mayordomo-os10","status":"publish","type":"product","link":"https:\/\/acansecurity.cl\/online\/product\/curso-certificado-de-conserje-y-mayordomo-os10\/","title":{"rendered":"CURSO CERTIFICADO DE CONSERJE Y MAYORDOMO"},"content":{"rendered":"<p data-start=\"211\" data-end=\"373\"><strong data-start=\"270\" data-end=\"305\">Impartido por ACAN SECURITY SPA<\/strong><br data-start=\"305\" data-end=\"308\" \/>\u2705 <strong data-start=\"310\" data-end=\"373\">Acreditado por OS10 de Carabineros de Chile N\u00b0 320101030105<\/strong><\/p>\n<p data-start=\"375\" data-end=\"632\">\ud83d\udd30 <strong data-start=\"378\" data-end=\"446\">\u00bfBuscas una nueva oportunidad laboral con certificaci\u00f3n oficial?<\/strong><br data-start=\"446\" data-end=\"449\" \/>El curso de <strong data-start=\"461\" data-end=\"490\">Conserje y Mayordomo <\/strong>\u00a0est\u00e1 dise\u00f1ado para entregar las competencias necesarias para desempe\u00f1arse profesionalmente en edificios, condominios, residencias y empresas.<\/p>\n<p data-start=\"634\" data-end=\"979\">\ud83d\udcda <strong data-start=\"637\" data-end=\"657\">\u00bfQu\u00e9 aprender\u00e1s?<\/strong><br data-start=\"657\" data-end=\"660\" \/>\u2714 Funciones del conserje y del mayordomo.<br data-start=\"701\" data-end=\"704\" \/>\u2714 Control de acceso y atenci\u00f3n a residentes o usuarios.<br data-start=\"759\" data-end=\"762\" \/>\u2714 Comunicaci\u00f3n efectiva y protocolo de atenci\u00f3n.<br data-start=\"810\" data-end=\"813\" \/>\u2714 Gesti\u00f3n de conflictos y relaciones interpersonales.<br data-start=\"866\" data-end=\"869\" \/>\u2714 Normativas b\u00e1sicas para el buen funcionamiento de espacios comunes.<br data-start=\"938\" data-end=\"941\" \/>\u2714 \u00c9tica y responsabilidad en el cargo.<\/p>\n<p data-start=\"981\" data-end=\"1001\">\ud83c\udfaf <strong data-start=\"984\" data-end=\"999\">Dirigido a:<\/strong><\/p>\n<ul data-start=\"1002\" data-end=\"1272\">\n<li data-start=\"1002\" data-end=\"1061\">\n<p data-start=\"1004\" data-end=\"1061\">Personas que buscan empleo como conserjes o mayordomos.<\/p>\n<\/li>\n<li data-start=\"1062\" data-end=\"1130\">\n<p data-start=\"1064\" data-end=\"1130\">Administradores de edificios que deseen capacitar a su personal.<\/p>\n<\/li>\n<li data-start=\"1131\" data-end=\"1206\">\n<p data-start=\"1133\" data-end=\"1206\">Trabajadores del rubro inmobiliario o de administraci\u00f3n de propiedades.<\/p>\n<\/li>\n<li data-start=\"1207\" data-end=\"1272\">\n<p data-start=\"1209\" data-end=\"1272\">Toda persona que quiera certificar y formalizar su experiencia.<\/p>\n<\/li>\n<\/ul>\n<p data-start=\"1274\" data-end=\"1487\">\ud83d\udcdc <strong data-start=\"1277\" data-end=\"1289\">Incluye:<\/strong><br data-start=\"1289\" data-end=\"1292\" \/>\u2705 Certificado oficial OS10 v\u00e1lido a nivel nacional.<br data-start=\"1343\" data-end=\"1346\" \/>\u2705 Formaci\u00f3n te\u00f3rico-pr\u00e1ctica.<br data-start=\"1375\" data-end=\"1378\" \/>\u2705 Instructores con experiencia en gesti\u00f3n habitacional y administrativa.<br data-start=\"1450\" data-end=\"1453\" \/>\u2705 Material de estudio actualizado.<\/p>\n<p data-start=\"1489\" data-end=\"1651\">\ud83d\udcf2 <strong data-start=\"1492\" data-end=\"1570\">Una vez realizado el pago, ACAN SECURITY SPA se pondr\u00e1 en contacto contigo<\/strong> para coordinar los detalles del curso: fechas, horarios, modalidad y requisitos.<\/p>\n<p data-start=\"1653\" data-end=\"1782\">\ud83d\ude80 <strong data-start=\"1656\" data-end=\"1734\">\u00a1Capac\u00edtate con respaldo profesional y mejora tus oportunidades laborales!<\/strong><br data-start=\"1734\" data-end=\"1737\" \/>Inscripciones abiertas \u2013 <strong data-start=\"1762\" data-end=\"1782\">Cupos limitados.<\/strong><\/p>\n<p><strong>MEDIOS DE PAGO DISPONIBLES:<\/strong><br \/>\n<img loading=\"lazy\" decoding=\"async\" class=\"alignnone size-medium wp-image-739\" src=\"https:\/\/acansecurity.cl\/online\/wp-content\/uploads\/2021\/12\/webpay-transbank-logo-300x171.png\" alt=\"\" width=\"300\" height=\"171\" srcset=\"https:\/\/acansecurity.cl\/online\/wp-content\/uploads\/2021\/12\/webpay-transbank-logo-300x171.png 300w, https:\/\/acansecurity.cl\/online\/wp-content\/uploads\/2021\/12\/webpay-transbank-logo-1024x584.png 1024w, https:\/\/acansecurity.cl\/online\/wp-content\/uploads\/2021\/12\/webpay-transbank-logo-768x438.png 768w, https:\/\/acansecurity.cl\/online\/wp-content\/uploads\/2021\/12\/webpay-transbank-logo-1536x875.png 1536w, https:\/\/acansecurity.cl\/online\/wp-content\/uploads\/2021\/12\/webpay-transbank-logo-2048x1167.png 2048w, https:\/\/acansecurity.cl\/online\/wp-content\/uploads\/2021\/12\/webpay-transbank-logo-600x342.png 600w\" sizes=\"auto, (max-width: 300px) 100vw, 300px\" \/><\/p>\n","protected":false},"excerpt":{"rendered":"<p><strong>Inicio de Curso el 04 de Agosto de 2025, plazo de matricula 28 de julio de 2025.<\/strong><br \/>\n<strong>Requisitos;<\/strong><\/p>\n<ul>\n<li>C\u00e9dula de Identidad<\/li>\n<li>Certificado de Antecedentes<\/li>\n<li>Certificado de Estudios Ense\u00f1anza Media Completa<\/li>\n<li>Antecedentes Comerciales (Dicom)<\/li>\n<li>Certificado m\u00e9dico<\/li>\n<li>Certificado Psicol\u00f3gico<\/li>\n<li>Certificado Notarial<\/li>\n<\/ul>\n<p><strong>\u00a0VALOR INCLUYE DOCUMENTOS MEDICO Y PSICOLOGICO.<\/strong><\/p>\n","protected":false},"featured_media":723,"comment_status":"open","ping_status":"closed","template":"","meta":[],"product_brand":[],"product_cat":[28],"product_tag":[],"class_list":{"0":"post-722","1":"product","2":"type-product","3":"status-publish","4":"has-post-thumbnail","6":"product_cat-conserjeria","8":"first","9":"instock","10":"sale","11":"virtual","12":"sold-individually","13":"purchasable","14":"product-type-simple"},"_links":{"self":[{"href":"https:\/\/acansecurity.cl\/online\/wp-json\/wp\/v2\/product\/722","targetHints":{"allow":["GET"]}}],"collection":[{"href":"https:\/\/acansecurity.cl\/online\/wp-json\/wp\/v2\/product"}],"about":[{"href":"https:\/\/acansecurity.cl\/online\/wp-json\/wp\/v2\/types\/product"}],"replies":[{"embeddable":true,"href":"https:\/\/acansecurity.cl\/online\/wp-json\/wp\/v2\/comments?post=722"}],"wp:featuredmedia":[{"embeddable":true,"href":"https:\/\/acansecurity.cl\/online\/wp-json\/wp\/v2\/media\/723"}],"wp:attachment":[{"href":"https:\/\/acansecurity.cl\/online\/wp-json\/wp\/v2\/media?parent=722"}],"wp:term":[{"taxonomy":"product_brand","embeddable":true,"href":"https:\/\/acansecurity.cl\/online\/wp-json\/wp\/v2\/product_brand?post=722"},{"taxonomy":"product_cat","embeddable":true,"href":"https:\/\/acansecurity.cl\/online\/wp-json\/wp\/v2\/product_cat?post=722"},{"taxonomy":"product_tag","embeddable":true,"href":"https:\/\/acansecurity.cl\/online\/wp-json\/wp\/v2\/product_tag?post=722"}],"curies":[{"name":"wp","href":"https:\/\/api.w.org\/{rel}","templated":true}]}}